{"id":30,"date":"2020-04-13T11:18:54","date_gmt":"2020-04-13T11:18:54","guid":{"rendered":"https:\/\/jugend.fw-herrschaft.ch\/?page_id=30"},"modified":"2025-09-14T08:52:25","modified_gmt":"2025-09-14T08:52:25","slug":"home","status":"publish","type":"page","link":"https:\/\/jugend.fw-herrschaft.ch\/","title":{"rendered":"Home"},"content":{"rendered":"\t\t<div data-elementor-type=\"wp-page\" data-elementor-id=\"30\" class=\"elementor elementor-30\">\n\t\t\t\t\t\t<section class=\"elementor-section elementor-top-section elementor-element elementor-element-5939a86c elementor-section-height-min-height elementor-section-boxed elementor-section-height-default elementor-section-items-middle\" data-id=\"5939a86c\" data-element_type=\"section\" data-e-type=\"section\" data-settings=\"{&quot;background_background&quot;:&quot;classic&quot;}\">\n\t\t\t\t\t\t\t<div class=\"elementor-background-overlay\"><\/div>\n\t\t\t\t\t\t\t<div class=\"elementor-container elementor-column-gap-no\">\n\t\t\t\t\t<div class=\"elementor-column elementor-col-100 elementor-top-column elementor-element elementor-element-6f6a47a9\" data-id=\"6f6a47a9\" data-element_type=\"column\" data-e-type=\"column\">\n\t\t\t<div class=\"elementor-widget-wrap elementor-element-populated\">\n\t\t\t\t\t\t<div class=\"elementor-element elementor-element-2b45faa elementor-widget elementor-widget-heading\" data-id=\"2b45faa\" data-element_type=\"widget\" data-e-type=\"widget\" data-widget_type=\"heading.default\">\n\t\t\t\t<div class=\"elementor-widget-container\">\n\t\t\t\t\t<h1 class=\"elementor-heading-title elementor-size-default\">Bereit f\u00fcr die Jugendfeuerwehr?<\/h1>\t\t\t\t<\/div>\n\t\t\t\t<\/div>\n\t\t\t\t<div class=\"elementor-element elementor-element-d314702 elementor-widget elementor-widget-text-editor\" data-id=\"d314702\" data-element_type=\"widget\" data-e-type=\"widget\" data-widget_type=\"text-editor.default\">\n\t\t\t\t<div class=\"elementor-widget-container\">\n\t\t\t\t\t\t\t\t\t<p>Du bist zwischen 12 und 18 Jahren alt, wohnst in Fl\u00e4sch, Maienfeld oder Jenins und interessierst dich f\u00fcr die Feuerwehr? Dann bist Du hier genau richtig.<\/p>\t\t\t\t\t\t\t\t<\/div>\n\t\t\t\t<\/div>\n\t\t\t\t<section class=\"elementor-section elementor-inner-section elementor-element elementor-element-a59805b elementor-section-boxed elementor-section-height-default elementor-section-height-default\" data-id=\"a59805b\" data-element_type=\"section\" data-e-type=\"section\">\n\t\t\t\t\t\t<div class=\"elementor-container elementor-column-gap-default\">\n\t\t\t\t\t<div class=\"elementor-column elementor-col-50 elementor-inner-column elementor-element elementor-element-2e39650\" data-id=\"2e39650\" data-element_type=\"column\" data-e-type=\"column\">\n\t\t\t<div class=\"elementor-widget-wrap elementor-element-populated\">\n\t\t\t\t\t\t<div class=\"elementor-element elementor-element-5b930ae3 elementor-align-center elementor-mobile-align-center elementor-widget elementor-widget-button\" data-id=\"5b930ae3\" data-element_type=\"widget\" data-e-type=\"widget\" data-widget_type=\"button.default\">\n\t\t\t\t<div class=\"elementor-widget-container\">\n\t\t\t\t\t\t\t\t\t<div class=\"elementor-button-wrapper\">\n\t\t\t\t\t<a class=\"elementor-button elementor-button-link elementor-size-lg\" href=\"https:\/\/jugend.fw-herrschaft.ch\/?page_id=346\">\n\t\t\t\t\t\t<span class=\"elementor-button-content-wrapper\">\n\t\t\t\t\t\t\t\t\t<span class=\"elementor-button-text\">Anmelden<\/span>\n\t\t\t\t\t<\/span>\n\t\t\t\t\t<\/a>\n\t\t\t\t<\/div>\n\t\t\t\t\t\t\t\t<\/div>\n\t\t\t\t<\/div>\n\t\t\t\t\t<\/div>\n\t\t<\/div>\n\t\t\t\t<div class=\"elementor-column elementor-col-50 elementor-inner-column elementor-element elementor-element-baa72dd\" data-id=\"baa72dd\" data-element_type=\"column\" data-e-type=\"column\">\n\t\t\t<div class=\"elementor-widget-wrap elementor-element-populated\">\n\t\t\t\t\t\t<div class=\"elementor-element elementor-element-c4fc85b elementor-align-center elementor-mobile-align-center elementor-widget elementor-widget-button\" data-id=\"c4fc85b\" data-element_type=\"widget\" data-e-type=\"widget\" data-widget_type=\"button.default\">\n\t\t\t\t<div class=\"elementor-widget-container\">\n\t\t\t\t\t\t\t\t\t<div class=\"elementor-button-wrapper\">\n\t\t\t\t\t<a class=\"elementor-button elementor-button-link elementor-size-lg\" href=\"https:\/\/jugend.fw-herrschaft.ch\/?page_id=613\">\n\t\t\t\t\t\t<span class=\"elementor-button-content-wrapper\">\n\t\t\t\t\t\t\t\t\t<span class=\"elementor-button-text\">\u00dcbungsplan<\/span>\n\t\t\t\t\t<\/span>\n\t\t\t\t\t<\/a>\n\t\t\t\t<\/div>\n\t\t\t\t\t\t\t\t<\/div>\n\t\t\t\t<\/div>\n\t\t\t\t\t<\/div>\n\t\t<\/div>\n\t\t\t\t\t<\/div>\n\t\t<\/section>\n\t\t\t\t\t<\/div>\n\t\t<\/div>\n\t\t\t\t\t<\/div>\n\t\t<\/section>\n\t\t\t\t<section class=\"elementor-section elementor-top-section elementor-element elementor-element-4fa11189 elementor-section-boxed elementor-section-height-default elementor-section-height-default\" data-id=\"4fa11189\" data-element_type=\"section\" data-e-type=\"section\" data-settings=\"{&quot;background_background&quot;:&quot;classic&quot;}\">\n\t\t\t\t\t\t<div class=\"elementor-container elementor-column-gap-no\">\n\t\t\t\t\t<div class=\"elementor-column elementor-col-100 elementor-top-column elementor-element elementor-element-6a0cb495\" data-id=\"6a0cb495\" data-element_type=\"column\" data-e-type=\"column\">\n\t\t\t<div class=\"elementor-widget-wrap elementor-element-populated\">\n\t\t\t\t\t\t<div class=\"elementor-element elementor-element-d26c67d elementor-widget elementor-widget-text-editor\" data-id=\"d26c67d\" data-element_type=\"widget\" data-e-type=\"widget\" data-widget_type=\"text-editor.default\">\n\t\t\t\t<div class=\"elementor-widget-container\">\n\t\t\t\t\t\t\t\t\t<h1>Jugendfeuerwehr Herrschaft<\/h1>\n<p style=\"font-weight: 400;\">Die Jugendfeuerwehr Herrschaft will Jugendlichen aus den Gemeinden Fl\u00e4sch, Maienfeld und Jenins, das Feuerwehrwesen einfach und verst\u00e4ndlich n\u00e4herbringen. Dieses Angebot wurde aufgrund von vermehrten Anfragen von Jugendlichen und Eltern ins Leben gerufen. Der Austausch mit Nachbargemeinden hat gezeigt, dass sich eine Jugendfeuerwehr grosser Beliebtheit erfreut.<\/p>\n<p style=\"font-weight: 400;\">Daher hat die Feuerwehr sich zum Ziel gesetzt, Jugendlichen den Umgang mit Feuer und die Ausbildung im Bereich erste Hilfe anzubieten. Bei aller Ernsthaftigkeit welche das Thema Feuerwehr mit sich bringt, darf der \u00abSpass an der Freude\u00bb nicht zu kurz kommen.<\/p>\n<h2>Was wird ausgebildet<\/h2>\n<p style=\"font-weight: 400;\">Das Thema Feuerwehr ist sehr umfangreich und bietet sehr viel Spielraum f\u00fcr spannende und lehrreiche \u00dcbungen. An erster Stelle steht dabei aber immer die eigene Sicherheit. Aus diesem Grund wird auch <strong>kein Atemschutz<\/strong> ausgebildet und auf \u00dcbungen mit Rauch verzichtet.<\/p>\n<h2>Teilnehmer \/ \u00dcbungen<\/h2>\n<p style=\"font-weight: 400;\">Jugendliche im Alter zwischen 12 bis 18 Jahren aus den Gemeinden Fl\u00e4sch, Maienfeld und Jenins d\u00fcrfen der Jugendfeuerwehr Herrschaft beitreten. Die Jugendfeuerwehr ist bewusst keine Konkurrenz zu anderen Freizeitt\u00e4tigkeiten und sollen z.B. neben der Jugendriege, Fussball, Unihockey, usw. Platz haben. Daher wurde die Anzahl \u00dcbungen auf f\u00fcnf \u00e0 zwei Stunden limitiert und es finden keine \u00dcbungen w\u00e4hrend den Schulferien statt.<\/p>\n<ul>\n<li>4 &#8211; 6x Mittwoch Abend<\/li>\n<li>1x Samstag Vormittag<\/li>\n<\/ul>\n<p style=\"font-weight: 400;\">Ein \u00dcbungsjahr dauert von August bis August f\u00fcr Jugendliche aber der 6. Klasse.<\/p>\n<p style=\"font-weight: 400;\">Die Kinder sollten mindestens 80% der \u00dcbungen am Mittwochabend besuchen.<\/p>\n<p style=\"font-weight: 400;\">Die \u00dcbungen starten und enden immer im Depot der Wohngemeinde. Der Transport zum \u00dcbungsort erfolgt durch die Feuerwehr, womit ein Transport durch Eltern zum \u00dcbungsort entf\u00e4llt.<\/p>\n<h2>M\u00f6glicher Jahresplan<\/h2>\n<ol>\n<li>Wie entsteht Feuer? \/ Alarmierungssystem \/ Material und Depot Kenntnisse \/ Hydrantenbedienung<\/li>\n<li>Leitungsbau \/ Verbraucher<\/li>\n<li>Seilverbindungen und Knoten \/ Leiterstellungen \/ Wassertransport<\/li>\n<li>BLS (Basic Life Support) \/ Erste Hilfe \/ Lagerung Transporte von Patienten<\/li>\n<li>Kleine Einsatz\u00fcbung mit anschliessendem Grillplausch (Samstag)<\/li>\n<\/ol>\n<h2>Nutzen f\u00fcr die Jugendlichen<\/h2>\n<ul>\n<li>Jugendliche werden sensibilisiert im Umgang mit Feuer<\/li>\n<li>Bereits Jugendlichen wird das erkennen und alarmieren bei einer Notsituation beigebracht<\/li>\n<li>Kinder kennen das richtige Verhalten bei einem Ereignis \/ Unfall<\/li>\n<li>Bei einer Jugendgruppe die ein offenes Feuer macht, weiss jemand, wie man das offene Feuer zu l\u00f6schen hat bevor man es verl\u00e4sst<\/li>\n<li>Die Teilnehmer k\u00f6nnen sp\u00e4ter bereits mit 18 anstatt 20 Jahren in den aktiven Feuerwehrdienst eintreten<\/li>\n<\/ul>\n<h2>Kosten<\/h2>\n<p style=\"font-weight: 400;\">Die Teilnahme an der Jugendfeuerwehr Herrschaft ist kostenlos. Die Kosten werden von den Gemeinden Fl\u00e4sch, Maienfeld, Jenins und der GVG (Geb\u00e4udeversicherung Graub\u00fcnden) getragen.<\/p>\n<h2>Ausr\u00fcstung<\/h2>\n<p style=\"font-weight: 400;\">Den Kindern wird eine komplette Arbeitsbekleidung inkl. Helm und Handschuhe zur Verf\u00fcgung gestellt. Als pers\u00f6nliche Ausr\u00fcstung muss festes Schuhwerk (z.B. Wanderschuhe) mitgebracht werden.<\/p>\n<h2>Versicherung<\/h2>\n<p>Die Kinder sind in erster Linie \u00fcber ihre private Unfallversicherung versichert. Zudem werden alle Kinder der Jugendfeuerwehr Herrschaft im Feuerwehrsystem Webmembers erfasst und sind damit automatisch und kostenlos bei der FKS (Feuerwehr Koordination Schweiz) erfasst. Falls die Kosten bei einem Unfall die Deckung der Unfallversicherung \u00fcbersteigen, werden diese von der FKS getragen.<\/p>\t\t\t\t\t\t\t\t<\/div>\n\t\t\t\t<\/div>\n\t\t\t\t<div class=\"elementor-element elementor-element-c0b83bc elementor-widget elementor-widget-text-editor\" data-id=\"c0b83bc\" data-element_type=\"widget\" data-e-type=\"widget\" data-widget_type=\"text-editor.default\">\n\t\t\t\t<div class=\"elementor-widget-container\">\n\t\t\t\t\t\t\t\t\t<h2>Das Wichtigste in K\u00fcrze<\/h2>\t\t\t\t\t\t\t\t<\/div>\n\t\t\t\t<\/div>\n\t\t\t\t<section class=\"elementor-section elementor-inner-section elementor-element elementor-element-8979c7b elementor-section-boxed elementor-section-height-default elementor-section-height-default\" data-id=\"8979c7b\" data-element_type=\"section\" data-e-type=\"section\">\n\t\t\t\t\t\t<div class=\"elementor-container elementor-column-gap-default\">\n\t\t\t\t\t<div class=\"elementor-column elementor-col-50 elementor-inner-column elementor-element elementor-element-b3bafaf\" data-id=\"b3bafaf\" data-element_type=\"column\" data-e-type=\"column\">\n\t\t\t<div class=\"elementor-widget-wrap elementor-element-populated\">\n\t\t\t\t\t\t<div class=\"elementor-element elementor-element-38f90f3 elementor-widget elementor-widget-text-editor\" data-id=\"38f90f3\" data-element_type=\"widget\" data-e-type=\"widget\" data-widget_type=\"text-editor.default\">\n\t\t\t\t<div class=\"elementor-widget-container\">\n\t\t\t\t\t\t\t\t\t<h3>F\u00fcr die Eltern<\/h3><ul><li>Ausbildung in den Grundlagen der Feuerwehr und Erste Hilfe<\/li><li>Kinder sind \u00fcber die FKS versichert<\/li><li>Kostenlose Teilnahme<\/li><li>Keine Konkurrenz zu Jugi, Fussball, \u2026<\/li><li>\u00dcbungen starten immer in der Wohngemeinde (kein Elterntransport)<\/li><li>\u00dcbungsjahre dauert von August &#8211; August<\/li><\/ul>\t\t\t\t\t\t\t\t<\/div>\n\t\t\t\t<\/div>\n\t\t\t\t\t<\/div>\n\t\t<\/div>\n\t\t\t\t<div class=\"elementor-column elementor-col-50 elementor-inner-column elementor-element elementor-element-20466b9\" data-id=\"20466b9\" data-element_type=\"column\" data-e-type=\"column\">\n\t\t\t<div class=\"elementor-widget-wrap elementor-element-populated\">\n\t\t\t\t\t\t<div class=\"elementor-element elementor-element-55f67d9 elementor-widget elementor-widget-text-editor\" data-id=\"55f67d9\" data-element_type=\"widget\" data-e-type=\"widget\" data-widget_type=\"text-editor.default\">\n\t\t\t\t<div class=\"elementor-widget-container\">\n\t\t\t\t\t\t\t\t\t<h3>F\u00fcr die Jugendlichen<\/h3><ul><li>12 bis 18 Jahre alt (6. Klasse)<\/li><li>Interesse an der Feuerwehr und Erste Hilfe<\/li><li>Wohnhaft in Fl\u00e4sch, Maienfeld oder Jenins<\/li><li>Arbeitsbekleidung, Helm, Handschuhe werden zur Verf\u00fcgung gestellt<\/li><li>Festes Schuhwerk (z.B. Wanderschuhe)<\/li><\/ul>\t\t\t\t\t\t\t\t<\/div>\n\t\t\t\t<\/div>\n\t\t\t\t\t<\/div>\n\t\t<\/div>\n\t\t\t\t\t<\/div>\n\t\t<\/section>\n\t\t\t\t<div class=\"elementor-element elementor-element-87ecb57 elementor-widget elementor-widget-spacer\" data-id=\"87ecb57\" data-element_type=\"widget\" data-e-type=\"widget\" data-widget_type=\"spacer.default\">\n\t\t\t\t<div class=\"elementor-widget-container\">\n\t\t\t\t\t\t\t<div class=\"elementor-spacer\">\n\t\t\t<div class=\"elementor-spacer-inner\"><\/div>\n\t\t<\/div>\n\t\t\t\t\t\t<\/div>\n\t\t\t\t<\/div>\n\t\t\t\t<div class=\"elementor-element elementor-element-38246cf elementor-align-center elementor-widget elementor-widget-button\" data-id=\"38246cf\" data-element_type=\"widget\" data-e-type=\"widget\" data-widget_type=\"button.default\">\n\t\t\t\t<div class=\"elementor-widget-container\">\n\t\t\t\t\t\t\t\t\t<div class=\"elementor-button-wrapper\">\n\t\t\t\t\t<a class=\"elementor-button elementor-button-link elementor-size-sm\" href=\"https:\/\/jugend.fw-herrschaft.ch\/?page_id=346\">\n\t\t\t\t\t\t<span class=\"elementor-button-content-wrapper\">\n\t\t\t\t\t\t\t\t\t<span class=\"elementor-button-text\">Hier anmelden<\/span>\n\t\t\t\t\t<\/span>\n\t\t\t\t\t<\/a>\n\t\t\t\t<\/div>\n\t\t\t\t\t\t\t\t<\/div>\n\t\t\t\t<\/div>\n\t\t\t\t\t<\/div>\n\t\t<\/div>\n\t\t\t\t\t<\/div>\n\t\t<\/section>\n\t\t\t\t<\/div>\n\t\t","protected":false},"excerpt":{"rendered":"<p>Bereit f\u00fcr die Jugendfeuerwehr? Du bist zwischen 12 und 18 Jahren alt, wohnst in Fl\u00e4sch, Maienfeld oder Jenins und interessierst dich f\u00fcr die Feuerwehr? Dann bist Du hier genau richtig. Anmelden \u00dcbungsplan Jugendfeuerwehr Herrschaft Die Jugendfeuerwehr Herrschaft will Jugendlichen aus den Gemeinden Fl\u00e4sch, Maienfeld und Jenins, das Feuerwehrwesen einfach und verst\u00e4ndlich n\u00e4herbringen. Dieses Angebot wurde [&hellip;]<\/p>\n","protected":false},"author":1,"featured_media":0,"parent":0,"menu_order":0,"comment_status":"closed","ping_status":"closed","template":"","meta":{"site-sidebar-layout":"no-sidebar","site-content-layout":"page-builder","ast-site-content-layout":"default","site-content-style":"default","site-sidebar-style":"default","ast-global-header-display":"","ast-banner-title-visibility":"","ast-main-header-display":"","ast-hfb-above-header-display":"","ast-hfb-below-header-display":"","ast-hfb-mobile-header-display":"","site-post-title":"disabled","ast-breadcrumbs-content":"","ast-featured-img":"","footer-sml-layout":"","ast-disable-related-posts":"","theme-transparent-header-meta":"enabled","adv-header-id-meta":"","stick-header-meta":"","header-above-stick-meta":"","header-main-stick-meta":"","header-below-stick-meta":"","astra-migrate-meta-layouts":"default","ast-page-background-enabled":"default","ast-page-background-meta":{"desktop":{"background-color":"","background-image":"","background-repeat":"repeat","background-position":"center center","background-size":"auto","background-attachment":"scroll","background-type":"","background-media":"","overlay-type":"","overlay-color":"","overlay-opacity":"","overlay-gradient":""},"tablet":{"background-color":"","background-image":"","background-repeat":"repeat","background-position":"center center","background-size":"auto","background-attachment":"scroll","background-type":"","background-media":"","overlay-type":"","overlay-color":"","overlay-opacity":"","overlay-gradient":""},"mobile":{"background-color":"","background-image":"","background-repeat":"repeat","background-position":"center center","background-size":"auto","background-attachment":"scroll","background-type":"","background-media":"","overlay-type":"","overlay-color":"","overlay-opacity":"","overlay-gradient":""}},"ast-content-background-meta":{"desktop":{"background-color":"var(--ast-global-color-5)","background-image":"","background-repeat":"repeat","background-position":"center center","background-size":"auto","background-attachment":"scroll","background-type":"","background-media":"","overlay-type":"","overlay-color":"","overlay-opacity":"","overlay-gradient":""},"tablet":{"background-color":"var(--ast-global-color-5)","background-image":"","background-repeat":"repeat","background-position":"center center","background-size":"auto","background-attachment":"scroll","background-type":"","background-media":"","overlay-type":"","overlay-color":"","overlay-opacity":"","overlay-gradient":""},"mobile":{"background-color":"var(--ast-global-color-5)","background-image":"","background-repeat":"repeat","background-position":"center center","background-size":"auto","background-attachment":"scroll","background-type":"","background-media":"","overlay-type":"","overlay-color":"","overlay-opacity":"","overlay-gradient":""}},"footnotes":""},"class_list":["post-30","page","type-page","status-publish","hentry"],"_links":{"self":[{"href":"https:\/\/jugend.fw-herrschaft.ch\/index.php?rest_route=\/wp\/v2\/pages\/30","targetHints":{"allow":["GET"]}}],"collection":[{"href":"https:\/\/jugend.fw-herrschaft.ch\/index.php?rest_route=\/wp\/v2\/pages"}],"about":[{"href":"https:\/\/jugend.fw-herrschaft.ch\/index.php?rest_route=\/wp\/v2\/types\/page"}],"author":[{"embeddable":true,"href":"https:\/\/jugend.fw-herrschaft.ch\/index.php?rest_route=\/wp\/v2\/users\/1"}],"replies":[{"embeddable":true,"href":"https:\/\/jugend.fw-herrschaft.ch\/index.php?rest_route=%2Fwp%2Fv2%2Fcomments&post=30"}],"version-history":[{"count":85,"href":"https:\/\/jugend.fw-herrschaft.ch\/index.php?rest_route=\/wp\/v2\/pages\/30\/revisions"}],"predecessor-version":[{"id":620,"href":"https:\/\/jugend.fw-herrschaft.ch\/index.php?rest_route=\/wp\/v2\/pages\/30\/revisions\/620"}],"wp:attachment":[{"href":"https:\/\/jugend.fw-herrschaft.ch\/index.php?rest_route=%2Fwp%2Fv2%2Fmedia&parent=30"}],"curies":[{"name":"wp","href":"https:\/\/api.w.org\/{rel}","templated":true}]}}